f 3268 and 503?
1
What is the greatest common factor of 95487847 and 4911?
1637
What is the greatest common factor of 36279963 and 15621?
381
Calculate the highest common factor of 3532 and 13961113.
883
What is the highest common factor of 18 and 5670732?
6
What is the greatest common divisor of 744 and 24261468?
372
What is the highest common factor of 137625 and 120009?
1101
What is the highest common divisor of 736 and 6427488?
736
What is the greatest common divisor of 10 and 1898194450?
10
Calculate the highest common factor of 490 and 502639795.
245
What is the highest common divisor of 8 and 11242888?
8
Calculate the greatest common factor of 156 and 14953341.
39
Calculate the highest common divisor of 1667 and 98681399.
1667
What is the highest common factor of 355 and 237715?
5
Calculate the greatest common divisor of 11011 and 337711.
121
Calculate the greatest common factor of 2747 and 573587.
67
Calculate the highest common factor of 1058667 and 115.
23
Calculate the greatest common divisor of 616400 and 5750.
1150
What is the greatest common factor of 1480 and 3914896?
296
What is the highest common factor of 161 and 3253404763?
161
What is the greatest common divisor of 37650626 and 949?
949
Calculate the highest common divisor of 39679112 and 66.
22
What is the highest common factor of 56848581 and 54?
27
What is the highest common factor of 206976 and 25242?
42
Calculate the greatest common divisor of 36775 and 3028789.
1471
Calculate the highest common factor of 533978 and 85300.
1706
What is the greatest common divisor of 1968 and 1764804?
492
Calculate the greatest common divisor of 189552 and 750.
6
What is the highest common divisor of 274858 and 422?
2
What is the greatest common factor of 174535 and 294365?
2605
What is the greatest common factor of 15 and 4393635?
15
What is the highest common divisor of 2634672 and 861456?
6288
What is the highest common factor of 3846 and 605471934?
3846
What is the greatest common factor of 22726 and 2563858?
22
Calculate the greatest common factor of 78893042 and 1132.
566
Calculate the highest common divisor of 216089 and 309138.
769
What is the highest common divisor of 227013 and 24949461?
7323
What is the highest common factor of 1600755 and 1079?
13
Calculate the highest common factor of 74740 and 16220.
20
Calculate the greatest common factor of 1351736 and 40.
8
What is the greatest common divisor of 989691 and 95?
19
What is the highest common divisor of 229566144 and 33668?
1772
Calculate the highest common factor of 1172324 and 108.
4
Calculate the highest common divisor of 627966 and 12519.
9
What is the highest common factor of 84307189 and 73?
73
What is the highest common divisor of 596064 and 8351992?
7096
What is the greatest common factor of 3120584 and 806?
62
What is the greatest common factor of 5216 and 3909392?
2608
Calculate the greatest common divisor of 430 and 16626982.
86
What is the greatest common divisor of 9806646 and 4?
2
What is the highest common divisor of 1922 and 204492?
2
Calculate the highest common factor of 12204045 and 2415.
105
What is the greatest common divisor of 84217 and 1325?
53
Calculate the highest common factor of 26010 and 234396.
306
Calculate the greatest common factor of 1626170996 and 4.
4
Calculate the highest common factor of 7128 and 211803768.
2376
What is the highest common factor of 30 and 30842970?
30
What is the highest common factor of 382 and 14579412?
382
Calculate the highest common divisor of 315 and 468929895.
105
Calculate the highest common divisor of 15900 and 887136.
12
Calculate the greatest common divisor of 5124218 and 682.
22
Calculate the greatest common divisor of 235 and 16248790.
5
Calculate the greatest common factor of 129 and 134620659.
129
What is the greatest common factor of 5208704 and 136?
8
What is the greatest common factor of 130 and 493980?
10
What is the highest common factor of 33785 and 2955?
5
Calculate the greatest common divisor of 7596 and 1175692.
844
Calculate the greatest common factor of 977 and 15443.
1
What is the greatest common divisor of 11355632 and 87264?
1616
What is the greatest common factor of 276680 and 26648?
8
What is the greatest common factor of 13641922 and 3162?
1054
Calculate the greatest common factor of 116158 and 8.
2
What is the highest common divisor of 5515275 and 8766?
1461
What is the greatest common divisor of 582453504 and 4608?
2304
What is the greatest common factor of 8950500 and 125?
125
Calculate the greatest common divisor of 41785 and 594445.
305
What is the highest common factor of 105 and 27503565?
15
Calculate the highest common divisor of 45755 and 3755.
5
What is the highest common divisor of 74834 and 4708218?
1054
What is the highest common factor of 337405 and 1355?
5
What is the highest common divisor of 40 and 38007368?
8
Calculate the highest common factor of 21743020 and 139780.
4820
What is the greatest common divisor of 614432 and 91996?
844
Calculate the highest common divisor of 2456784 and 32.
16
Calculate the highest common factor of 51405634 and 14.
14
Calculate the greatest common factor of 520515229 and 58.
29
Calculate the highest common factor of 108460 and 4939.
11
Calculate the greatest common divisor of 11 and 644433295.
11
What is the greatest common factor of 18024 and 11240?
8
Calculate the highest common divisor of 2442 and 106591080.
222
What is the greatest common divisor of 72 and 64353104?
8
What is the highest common factor of 1769767 and 9704?
1213
What is the highest common factor of 19731283 and 39?
13
Calculate the highest common factor of 734 and 794044870.
734
What is the highest common factor of 1505 and 656807585?
1505
What is the highest common divisor of 4396070 and 6342?
14
Calculate the greatest common factor of 5989410 and 1116990.
1890
Calculate the highest common divisor of 20 and 45307460.
20
Calculate the highest common factor of 15 and 407005.
5
Calculate the highest common divisor of 1071 and 86929857.
1071
Calculate the highest common factor of 904512 and 6720.
1344
Calculate the greatest common factor of 900 and 14910300.
900
What is the highest common factor of 236106174 and 1629?
543
What is the greatest common divisor of 10515 and 419415?
15
Calculate the highest common factor of 68 and 29752.
4
Calculate the highest common factor of 1097 and 24942.
1
Calculate the greatest common factor of 1395 and 84465.
45
Calculate the highest common divisor of 64222 and 364056.
394
Calculate the highest common factor of 138513062 and 2544.
106
Calculate the highest common factor of 550840 and 577395.
235
Calculate the highest common factor of 11355 and 1150343256.
2271
What is the highest common factor of 8260325 and 175?
25
Calculate the greatest common divisor of 936 and 2013480.
72
What is the greatest common factor of 68 and 107487379?
17
What is the highest common divisor of 4059 and 31734?
369
What is the greatest common divisor of 9272055 and 25415?
1105
What is the highest common factor of 36414900 and 225?
225
Calculate the greatest common divisor of 564418297 and 9023.
1289
Calculate the greatest common factor of 231830 and 8843.
239
Calculate the highest common divisor of 316304 and 23126.
746
Calculate the highest common divisor of 741 and 8102588.
247
Calculate the highest common divisor of 4640 and 1926520.
40
Calculate the highest common divisor of 18108 and 614646.
18
What is the greatest common factor of 3345396 and 27508?
2116
What is the highest common divisor of 6230780 and 10?
10
What is the greatest common divisor of 5208 and 8684424?
168
Calculate the greatest common divisor of 141382 and 1218026.
446
What is the greatest common factor of 27710 and 228395?
85
Calculate the highest common factor of 297928 and 30728.
1336
Calculate the highest common factor of 7626 and 3212499.
93
Calculate the highest common divisor of 392 and 7588777.
49
What is the highest common factor of 2938 and 259441559?
1469
What is the highest common factor of 23965168 and 1336?
1336
What is the greatest common factor of 6966750 and 3150?
1050
Calculate the greatest common divisor of 3157 and 100081861.
451
Calculate the greatest common factor of 383297670 and 21.
21
What is the highest common 